 8) to base 3.
-121
What is 100110 (base 2) in base 14?
2a
What is 1c (base 14) in base 2?
11010
-2 (base 3) to base 13
-2
What is -203 (base 11) in base 4?
-3311
-5 (base 11) to base 15
-5
Convert 2 (base 16) to base 4.
2
What is 40 (base 9) in base 2?
100100
Convert -4 (base 9) to base 2.
-100
Convert 5 (base 16) to base 7.
5
What is 2 (base 7) in base 6?
2
c (base 16) to base 5
22
What is 243 (base 5) in base 6?
201
Convert 84 (base 11) to base 10.
92
What is -34 (base 9) in base 14?
-23
11002 (base 3) to base 5
420
Convert 233 (base 10) to base 6.
1025
What is 4 (base 5) in base 3?
11
12 (base 4) to base 6
10
What is 1 (base 3) in base 13?
1
24 (base 16) to base 4
210
Convert 3 (base 15) to base 2.
11
What is 2 (base 5) in base 8?
2
Convert 111 (base 7) to base 6.
133
1010 (base 2) to base 3
101
Convert 0 (base 10) to base 15.
0
3 (base 10) to base 12
3
Convert 10 (base 4) to base 16.
4
What is -301 (base 5) in base 10?
-76
Convert -6 (base 13) to base 10.
-6
Convert 10 (base 7) to base 11.
7
Convert -155 (base 7) to base 16.
-59
What is 12 (base 11) in base 9?
14
What is 4 (base 9) in base 5?
4
What is 6 (base 14) in base 12?
6
What is -1001 (base 2) in base 9?
-10
-27 (base 16) to base 5
-124
a (base 15) to base 7
13
14 (base 15) to base 14
15
-1 (base 7) to base 16
-1
-22 (base 5) to base 13
-c
Convert 5 (base 11) to base 9.
5
3b (base 13) to base 3
1212
-312 (base 5) to base 12
-6a
What is -1 (base 6) in base 14?
-1
What is 21 (base 4) in base 11?
9
Convert 1101010 (base 2) to base 16.
6a
-16 (base 7) to base 16
-d
-51 (base 13) to base 2
-1000010
What is -e (base 16) in base 6?
-22
34 (base 7) to base 8
31
What is 13 (base 14) in base 10?
17
-20 (base 3) to base 5
-11
What is 3 (base 5) in base 12?
3
Convert 17 (base 9) to base 7.
22
-18 (base 9) to base 14
-13
Convert -26 (base 7) to base 13.
-17
What is 5 (base 16) in base 11?
5
-11 (base 3) to base 4
-10
Convert -31 (base 9) to base 12.
-24
-12 (base 14) to base 15
-11
Convert 1110 (base 2) to base 14.
10
Convert -25 (base 11) to base 9.
-30
Convert 24 (base 14) to base 7.
44
111011 (base 2) to base 12
4b
Convert -10 (base 8) to base 4.
-20
-a (base 13) to base 11
-a
What is 8 (base 13) in base 5?
13
45 (base 16) to base 7
126
Convert -101001 (base 2) to base 15.
-2b
Convert 20 (base 9) to base 12.
16
What is 50 (base 7) in base 9?
38
What is -8 (base 16) in base 12?
-8
What is 3 (base 9) in base 15?
3
-7 (base 14) to base 5
-12
What is 166 (base 7) in base 5?
342
101111 (base 2) to base 16
2f
-104 (base 8) to base 9
-75
What is -25 (base 8) in base 15?
-16
Convert 2 (base 12) to base 5.
2
What is -1 (base 6) in base 2?
-1
11000 (base 2) to base 8
30
-300 (base 5) to base 12
-63
Convert -1010 (base 6) to base 7.
-435
Convert 1 (base 14) to base 3.
1
Convert 3 (base 13) to base 15.
3
-23 (base 5) to base 6
-21
What is -30 (base 15) in base 10?
-45
Convert -215 (base 9) to base 15.
-bb
Convert 3 (base 15) to base 12.
3
Convert 2 (base 9) to base 8.
2
10001 (base 3) to base 7
145
Convert -1 (base 14) to base 15.
-1
12 (base 10) to base 3
110
What is -11221 (base 3) in base 6?
-341
0 (base 8) to base 14
0
a (base 12) to base 11
a
Convert 0 (base 7) to base 13.
0
40 (base 15) to base 2
111100
Convert -23 (base 13) to base 5.
-104
-13 (base 5) to base 2
-1000
Convert -100 (base 2) to base 6.
-4
Convert 1e (base 15) to base 11.
27
Convert 11 (base 2) to base 6.
3
Convert -213 (base 7) to base 2.
-1101100
-11 (base 4) to base 7
-5
What is -11 (base 9) in base 3?
-101
What is -6e (base 15) in base 11?
-95
What is 6 (base 16) in base 4?
12
What is 61 (base 16) in base 4?
1201
What is -11100 (base 2) in base 10?
-28
What is 151 (base 8) in base 7?
210
What is -256 (base 8) in base 12?
-126
Convert -78 (base 16) to base 3.
-11110
What is 1 (base 8) in base 9?
1
Convert -2 (base 6) to base 16.
-2
Convert -70 (base 8) to base 4.
-320
What is 2 (base 6) in base 5?
2
-113 (base 5) to base 3
-1020
-36 (base 13) to base 6
-113
-48 (base 15) to base 2
-1000100
-44 (base 6) to base 9
-31
Convert 53 (base 7) to base 14.
2a
What is -100000 (base 2) in base 16?
-20
-1100 (base 3) to base 15
-26
What is 0 (base 2) in base 13?
0
What is 3 (base 5) in base 9?
3
2113 (base 4) to base 6
411
What is -55 (base 7) in base 14?
-2c
Convert -122 (base 3) to base 2.
-10001
What is 101 (base 5) in base 11?
24
106 (base 10) to base 6
254
Convert -1110 (base 2) to base 7.
-20
5 (base 9) to base 12
5
What is 10 (base 16) in base 2?
10000
Convert 1 (base 10) to base 4.
1
Convert 1000111 (base 2) to base 5.
241
-168 (base 15) to base 16
-143
1 (base 4) to base 14
1
What is -1100 (base 2) in base 10?
-12
What is -2 (base 12) in base 16?
-2
Convert 2 (base 6) to base 3.
2
70 (base 12) to base 8
124
Convert 1 (base 2) to base 9.
1
-1024 (base 6) to base 15
-107
14 (base 8) to base 11
11
-5 (base 15) to base 8
-5
What is 30 (base 10) in base 7?
42
Convert -3 (base 13) to base 10.
-3
What is -103 (base 4) in base 6?
-31
Convert -11000000 (base 2) to base 15.
-cc
Convert -1011 (base 2) to base 7.
-14
What is -11100 (base 2) in base 7?
-40
-16 (base 11) to base 12
-15
4 (base 11) to base 14
4
Convert -454 (base 8) to base 5.
-2200
2d (base 16) to base 3
1200
Convert -3 (base 7) to base 13.
-3
Convert 0 (base 6) to base 12.
0
13 (base 9) to base 10
12
What is -10 (base 3) in base 4?
-3
-10 (base 14) to base 10
-14
-3 (base 6) to base 8
-3
1 (base 9) to base 13
1
Convert -4 (base 12) to base 4.
-10
20 (base 3) to base 15
6
-31 (base 8) to base 2
-11001
0 (base 10) to base 14
0
-100 (base 2) to base 16
-4
34 (base 7) to base 4
121
What is -2 (base 15) in base 5?
-2
Convert 9d (base 14) to base 6.
351
What is 11021 (base 4) in base 6?
1305
Convert -7 (base 15) to base 8.
-7
What is -3 (base 4) in base 5?
-3
-42 (base 5) to base 6
-34
What is -132 (base 7) in base 9?
-80
-32 (base 8) to base 13
-20
Convert 1 (base 14) to base 4.
1
What is 1 (base 10) in base 6?
1
-49 (base 10) to base 7
-100
Convert -43 (base 16) to base 12.
-57
What is -15 (base 13) in base 11?
-17
What is -11 (base 3) in base 11?
-4
What is 13 (base 10) in base 2?
1101
What is -4 (base 10) in base 14?
-4
Convert 22 (base 16) to base 7.
46
What is 1 (base 11) in base 3?
1
What is -8 (base 11) in base 2?
-1000
What is 2a (base 13) in base 10?
36
-100101 (base 2) to base 16
-25
-158 (base 9) to base 16
-86
Convert -6 (base 12) to base 7.
-6
Convert 4 (base 15) to base 7.
4
-1220 (base 3) to base 14
-39
What is 10 (base 2) in base 13?
2
26 (base 11) to base 7
40
20 (base 4) to base 9
8
201 (base 4) to base 3
1020
0 (base 6) to base 4
0
0 (base 4) to base 8
0
Convert 0 (base 9) to base 2.
0
-135 (base 6) to base 8
-73
Convert -15 (base 9) to base 15.
-e
-4 (base 10) to base 13
-4
Convert 106 (base 9) to base 10.
87
What is 23 (base 5) in base 4?
31
-b4 (base 15) to base 14
-c1
-3 (base 14) to base 6
-3
Convert 37 (base 9) to base 16.
22
4 (base 14) to base 11
4
-14 (base 6) to base 2
-1010
-2 (base 6) to base 16
-2
Convert 83 (base 13) to base 10.
107
101222 (base 3) to base 4
10220
Convert -66 (base 7) to base 14.
-36
20 (base 13) to base 4
122
-4 (base 10) to base 8
-4
Convert 18 (base 15) to base 13.
1a
What is -3 (base 8) in base 11?
-3
Convert -5 (base 6) to base 2.
-101
Convert 1 (base 14) to base 12.
1
-54 (base 6) to base 11
-31
What is 3 (base 16) in base 14?
3
-111 (base 2) to base 10
-7
22 (base 4) to base 6
14
-2 (base 13) to base 2
-10
-2 (base 12) to base 15
-2
What is -11 (base 9) in base 10?
-10
What is -2 (base 10) in base 7?
-2
Convert -69 (base 12) to base 8.
-121
423 (base 6) to base 9
186
What is -31 (base 9) in base 14?
-20
0 (base 2) to base 3
0
129 (base 10) to base 9
153
What is -97 (base 12) in base 4?
-1303
What is 123 (base 7) in base 9?
73
Convert 100 (base 4) to base 2.
10000
-2 (base 11) to base 6
-2
2 (base 8) to base 5
2
Convert 120 (base 3) to base 4.
33
What is a (base 15) in base 14?
a
-153 (base 7) to base 8
-127
Convert -4c (base 13) to base 8.
-100
Convert -4 (base 16) to base 6.
-4
What is 0 (base 5) in base 12?
0
Convert 1001100 (base 2) to base 6.
204
-374 (base 8) to base 9
-310
-a (base 12) to base 6
-14
-12 (base 3) to base 8
-5
2 (base 12) to base 8
2
What is -1 (base 4) in base 5?
-1
What is 33 (base 14) in base 16?
2d